rue
Suppose -22247 = 14*p - 15*p. Is p composite?
False
Let d = 35954 - 24255. Is d a composite number?
False
Let h = -4210 - -9371. Is h composite?
True
Suppose 0 = 4*o + 7 - 15. Suppose o*s - 19289 = 3*x - 2890, 4*s = 2*x + 32802. Is s a prime number?
False
Suppose -122395632 = -134*t + 35681086. Is t composite?
False
Let m(w) = w**3 + 5*w**2 - 9*w - 21. Let n be m(-6). Let h be (-2 - (-2 + 2)) + (-6)/n. Suppose h = -8*x + 18987 - 4979. Is x a prime number?
False
Suppose 2*x + 15 = 7*x, -3*x + 9 = -4*u. Suppose -61*k + 75*k - 56686 = u. Is k composite?
False
Let t = 105389 - -408948. Is t prime?
False
Is ((-3 - 0) + 4)/((-206)/(-58942574)) a prime number?
True
Let h(x) = -265*x + 187. Let p be h(-17). Let q = 7265 + p. Is q prime?
False
Let t(p) = -13857*p + 947. Is t(-8) composite?
True
Let y be 5 - (-12)/(-3) - -10. Is (-20)/110 - ((-91665)/y - 2) composite?
True
Suppose 0 = -2*o - x - 10, 21 = -o + 4*x - 2. Is 211*2/(o*(-10)/1435) a prime number?
False
Let s(v) = -2*v**3 - 291*v**2 + 126*v - 2561. Is s(-158) composite?
False
Let n = 139 + -131. Is (-54249)/(-9) + (-6)/(-36)*n composite?
False
Let f = -31 - -32. Let g be 2*(f + -3 + 3). Suppose -5*d - 4*n = -197, 5*d - 30 = -g*n + 161. Is d composite?
False
Let i be (-340)/(-50)*(-2)/((-4)/5). Let b be (-1898)/4 + (-1)/(-2). Let w = i - b. Is w composite?
False
Let f(y) = -27*y - 147. Let p be f(-5). Let r(t) = -2*t**3 - 8*t**2 + 45*t - 7. Is r(p) composite?
True
Let x(k) = k + 13430. Let b be x(0). Suppose -3*a - 4373 + b = 0. Is a a prime number?
True
Let q(i) = -11*i**2 + 28*i + 9. Let v(t) = -2*t. Let l(x) = -q(x) - 2*v(x). Is l(-44) prime?
True
Suppose 69*p = 46*p + 463979. Is p composite?
False
Suppose -299*n = -280*n - 51281. Is n a composite number?
False
Let a(n) = 30604*n**2 - 37*n - 56. Is a(3) a composite number?
False
Let w(i) = -5*i**3 + i**2 - 1. Let b be w(-1). Let r(v) = -v**3 - 4*v**2 - 5*v - 11. Let f be r(b). Let g = -50 - f. Is g composite?
False
Is -5 - -21*271*(-5730)/(-45) a prime number?
False
Let a be (-4 - 1475739/(-9))/((-1)/(-1)). Suppose -10*y = -a + 35137. Is y prime?
False
Suppose -5*f - 97248 = -3*q, -q - 3*q + 129638 = 2*f. Is q a prime number?
True
Let q(d) = -72*d**3 + 14*d**2 + 16*d - 85. Is q(-20) prime?
False
Suppose -2*a - 32 = -0*n + 2*n, 4*a = 3*n - 57. Let s = -18 - a. Is (-4711)/18*s - (-1)/(-6) composite?
True
Let l(h) = -4302*h + 397. Is l(-9) prime?
False
Let q = -898 - 3009. Let r be ((-1104)/5)/(-1 - 46/(-40)). Let b = r - q. Is b prime?
False
Let d = 506510 - 273873. Is d composite?
True
Let h(r) = r**2 + 85*r + 587. Is h(78) a prime number?
False
Let l(q) = -3*q**3 - 5*q**2 + 3*q + 3. Let h be l(2). Is (-1)/(h/4102)*5 prime?
False
Let v = -126 - -130. Suppose -2*o + v*r = -1773 - 7241, 0 = 3*o + 4*r - 13541. Is o a composite number?
True
Is (-6)/14 + ((-17341533)/(-63) - 11) composite?
False
Let o = -727 - -1207. Suppose 2*g = -g + o. Suppose g + 312 = 4*f. Is f a composite number?
True
Is 33 + -31 + (-20450)/(-2) + 2 a composite number?
True
Let t be 1 + (-52)/(-4) + 4. Let k be (491/2)/(((-37)/42)/(-37)). Suppose 15*r - t*r = -k. Is r a composite number?
True
Let i = 1489 - 723. Let u = i + 335. Is u composite?
True
Suppose 1058*l = 1154*l - 131117856. Is l a composite number?
False
Let o(f) = 72144*f**2 - 4*f - 9. Is o(-1) composite?
False
Suppose 0 = -28*l + 24*l + 660668. Is l a prime number?
False
Let h(x) = -3057*x - 8. Let r be 6/(-4)*(-182)/(-39) - -2. Is h(r) composite?
False
Let m(k) = 3*k**2 + 2*k + 1229. Let x(v) = -2*v**2 - 10*v + 3. Let d be x(-5). Let w(f) = -f**2 + 5*f - 6. Let h be w(d). Is m(h) prime?
True
Let l be (8/16)/((-4)/(-16)). Is ((-48042)/(-15) - l/(-10))/1 a composite number?
False
Suppose 22*b + 3 = 19*b. Let o be 10 - ((-1 - b) + 5 + -2). Let j = o + 316. Is j prime?
False
Suppose 2*j - 98809 - 163086 = -c, -3*j + 392846 = 5*c. Is j composite?
True
Is (-12)/(-9) + (-317866567)/(-519) a composite number?
True
Let v(m) = 12*m**2 + 13*m + 27647. Is v(0) composite?
False
Let b be (57 - (-2 + 0 + 1)) + -3. Let x = -51 + b. Suppose -4*m = 2*i - 1942, -x*i + i + 2905 = 2*m. Is i a prime number?
True
Suppose -7*j + 191 = 79. Suppose j*u = 23*u - 17773. Is u prime?
True
Let y = 16 - 10. Suppose 3*p = -y*p. Suppose p = 4*n - 3*h - 1773, h = -h + 10. Is n composite?
True
Suppose 0 = 3*g - 7*g + 24. Suppose g*w - 16 = 14*w. Is ((3/w)/1)/((-3)/586) composite?
False
Let j = 301 - 309. Is (327660/240)/((-2)/j) prime?
False
Suppose m = -7 - 24. Let b = m - -35. Suppose 0 = 3*q + 3*r - 828, b*q - 1246 = -2*r - 146. Is q a prime number?
False
Suppose -2*n + 5*r + 107269 = 2*n, r = 5*n - 134081. Suppose 7*k = 8*k + b - n, 3*b = k - 26836. Is k a prime number?
True
Is ((-129972)/(-48))/(1/4) prime?
True
Suppose a - 6*a + 45 = 0. Let b be (-12)/a*(-225)/(-6). Is (-10)/b + 9/30*2336 prime?
True
Suppose -l = 4*p + 4, -3*p - p + 4 = 0. Let x be l/((-64)/342) - (-2)/8. Let j = 123 + x. Is j composite?
True
Let j be (2 - (-8)/(-4))*(-2)/4. Suppose -t - 1 = j, 6267 + 1393 = k + t. Is k a prime number?
False
Suppose -451*f - 12 = -452*f. Suppose 3*n + f = -n, s - 6740 = -n. Is s prime?
False
Suppose 21*s = -14*s + 525. Let h(v) = v**3 - 10*v**2 - 19*v + 3. Is h(s) a prime number?
False
Let s = 38170 + -21497. Is s composite?
False
Let m(o) be the first derivative of 26 + 61/2*o**2 + 58*o. Is m(7) prime?
False
Is (860/(-80) - -11)*655028 prime?
False
Suppose -691*q = -455*q - 99738556. Is q prime?
True
Suppose -208*t = -7630089 - 1778375. Is t a prime number?
True
Let q = -496441 + 926364. Is q a prime number?
False
Suppose 2*h - 5*f + 23 = 4*h, -f + 46 = 5*h. Suppose h*q = 12031 + 14636. Suppose -4*c = -q + 711. Is c composite?
False
Is ((-163)/3)/((-15)/40815) a prime number?
False
Let m = -1969 - -3585. Let s = m + -892. Suppose 4*i + 216 = s. Is i composite?
False
Let f(u) = 13*u**2 + 5*u - 3. Let q be f(13). Suppose -q = -57*i + 54*i. Is i prime?
False
Let t(y) = -480*y + 766. Is t(-41) a prime number?
False
Let y(j) = -1. Let n(s) = -s + 16. Let f(i) = -2*n(i) - 6*y(i). Let q be f(15). Suppose -5*t + 3867 = q*v - 2979, -2*t = v - 1713. Is v composite?
False
Suppose 0 = 18*d + 2046 + 114. Let c = d + 329. Is c prime?
False
Let y be -3 + 36/6 + 1. Suppose -y*l + 3146 + 3962 = 0. Is l a prime number?
True
Let j be 2*(0/4 - 9564). Let u = -12731 - j. Is u prime?
True
Let o(l) be the second derivative of 1/20*l**5 - 12*l + 5/4*l**4 + 1/2*l**2 + 1/3*l**3 + 0. Is o(-9) a prime number?
False
Suppose 4*n = 5*y + 412174, -78*y + 82*y - 103075 = -n. Is n prime?
False
Let m(i) = 277*i + 66. Is m(25) a composite number?
False
Suppose -5*f - 4*a + 366035 = 0, 52521 = f + 5*a - 20686. Is f prime?
False
Let b = 25223 + -10850. Suppose 0 = 9*m - 6*m - b. Is m composite?
True
Let k = -8953 + 4236. Let x = -2290 - k. Suppose -3*g + x = 2*r, -5*r = -4*g + 3239 - 3. Is g composite?
False
Suppose -10998506 = -102*q + 19*q + 49409973. Is q a prime number?
False
Let c = -447827 - -670246. Is c a prime number?
True
Let t = 289704 - 158551. Is t prime?
False
Let h(v) = 738*v - 67. Let c be (-13)/(169/(-2)) + 336/13. Is h(c) prime?
True
Let f = -4 + 9. Suppose 74*j + 25 = 69*j, f*g = -j + 47440. Is g a prime number?
False
Let x(s) = -s**2 - 9*s + 19. Let g be x(-11). Is g*(1240/(-3) - 3) a composite number?
False
Let v(b) = b**3 + 37*b**2 - 3*b - 23. Suppose 222 - 24 = -9*s. Let j be v(s). Suppose -7313 = -2*o + h, 4*h + j = 2*o + h. Is o a prime number?
True
Let n be -9 + (249360/5)/6. Suppose -8*o + n = -4681. Is o a composite number?
True
Suppose -s = 5*g - 799387, 2679*g - 2683*g + 639521 = -3*s. Is g a composite number?
True
Let v be (6/(-8))/((-2)/(-16)*2). Let o(c) = 6*c + 6. Let a be o(v). Is (-1 - (-4862)/(-6))/(8/a) a composite number?
False
Let m = -26739 + 42710. Is m composite?
False
Let x(p) = -3*p - 16. Let t be x(-7). Suppose 2*q - 17 = 3*d, 4*d - t*q = d - 29. Is (-4)/(-6) + (d - (-2560)/12) a prime number?
True
Let g = 57 - 23. Suppose -5*f - g = -44. Is 12/(f - -2) + 23 prime?
False
Suppose 0 = -11*i + 2205337 + 3719412 + 1890432. Is i a composite number?
True
Let f(w) = 3*w**3 - 28*w**2 - 24*w + 5. Suppose 0 = 7*p - 97 + 13. Is f(p) a composite number?
True
Suppose 4*g + 1790452 = 4*x, 5*x + 14*g - 11*g - 2238049 = 0. Is x composite